+ 3*v - 2. Determine n(c).
0
Let k(h) = h**3 + 3*h**2 + 4. Let m be k(-3). Suppose d - m*i = 17, -2*d + i = -6*d - 17. Let f be (-4 - -10) + 9/d. Let y(z) = -z**2 + 2. What is y(f)?
-7
Suppose 0 = -4*f + 3*x - 19, 22*f + 4 = 23*f + x. Let i(l) = -15*l**3 - l - 1. Calculate i(f).
15
Let s(v) = -v + 1. Let d(f) = -f**3 - 4*f**2 + 2*f + 6. Let h be d(0). What is s(h)?
-5
Let o(p) = p**3 - 4*p**2 + 3*p - 2. Suppose -2 = 359*y - 360*y. What is o(y)?
-4
Let x(i) = -13*i**3 - 25*i**2 + 36*i - 69. Let c(n) = -5*n**3 - 8*n**2 + 12*n - 23. Let z(k) = 8*c(k) - 3*x(k). Determine z(10).
3
Let j be (4/(-2))/2 + 3. Let h(x) be the first derivative of x + 7 - x**2 - 3*x**2 + x**2 + 9. Calculate h(j).
-11
Suppose 12*a = 16*a - 44. Let g(h) = h**3 - 10*h**2 + 8*h - 2. Let o(w) = 3*w**3 - 29*w**2 + 23*w - 6. Let i(m) = a*g(m) - 4*o(m). Calculate i(5).
7
Let c(p) = 4*p**2 - 2*p. Suppose -6*j - 11 - 7 = 0. Let g be 3 - (j + 2 - -2). Give c(g).
12
Let r(a) = a**2 - 6*a + 16. Let f be r(8). Let p be 3/(-3 + 102/f). Suppose 19 = 3*u - 5*k, 0 = 2*u - 3*k - p + 4. Let b(s) = -s - 1. Give b(u).
-4
Suppose w - 5 = -4*p + 12, 5*w = -p + 28. Let r(l) be the second derivative of -2*l**2 - 6*l - 2/3*l**3 + 2. What is r(p)?
-16
Let v = 8 - 4. Suppose 5*x = v*o - 19, -16 = -2*x + 6*x - 3*o. Let a(m) = m - 2. Let y(f) = 6*f - 9. Let z(t) = -11*a(t) + 2*y(t). What is z(x)?
-3
Suppose 231 = 4*m + 5*n, 3*m + 9 = -5*n + 176. Let r(p) = -m + 64 + 4*p. Let o = 4 - 2. Determine r(o).
8
Let g(o) = -10*o + 1. Let r be (5 - (0 - -5)) + 1. What is g(r)?
-9
Suppose 0*y + 2*y = 6. Suppose -y*j + 2 = -j. Let a(u) = -6*u**2 + 5*u + 7. Let v(z) = z**2 + z + 1. Let p(o) = -a(o) + 6*v(o). Calculate p(j).
12
Let h(u) = -2*u**2 + 6*u - 1. Let o(v) = v**3 + 6*v**2 + 3*v - 5. Let y be o(-5). Give h(y).
-21
Let y(c) = -c**3 + 3*c**2 + 3*c - 2. Let w be -17 - (1 - (-1 + 5)). Let m = -11 - w. Suppose -2*k = -m*k + 4. Determine y(k).
-6
Suppose -4*g + 6 = -34. Suppose -3*z - 2*z - x - 6 = 0, -5*z - g = 5*x. Let i(h) be the second derivative of 3*h**5/10 + h**3/3 + h**2/2 - h. What is i(z)?
-7
Let a(c) = c**3. Let p be a(0). Let m(z) be the second derivative of z**5/20 - z**4/12 + z**3/6 + 12*z**2 - 2937*z. What is m(p)?
24
Suppose 4*x = -4*x - 48. Let i(m) = -2*m**2 - 6*m - 4. What is i(x)?
-40
Let u(s) = 3*s + 2. Let j(o) = 21*o + 6. Let l(k) = j(k) - 2*u(k). Calculate l(3).
47
Let f(k) = 10*k + 10. Let r(l) = -17*l - 20. Let u(z) = -5*f(z) - 3*r(z). Give u(-13).
-3
Let s(k) = k**2 - 7*k. Let p be (-1)/((-2)/((-84)/(-6))). Give s(p).
0
Let t(a) = 4*a**3 + 2*a**2 + a + 2. Let c(m) = m**3 + m**2. Let f(g) = 3*c(g) - t(g). Let v(i) = -i**2 - 8*i - 7. Suppose 0*s = s + 7. Let y be v(s). Give f(y).
-2
Let a = 9 - 5. Let i = 44 - 43. Let l(x) = 2 - 2 - 2*x + i + 0. What is l(a)?
-7
Let z(i) be the second derivative of -5*i**3/6 - 9*i**2/2 + 7*i. Let s(f) = -14*f - 26. Let b(u) = 4*s(u) - 11*z(u). Let k be (-2)/4*0/5. Determine b(k).
-5
Let o(k) = -3 + 5 - 3 - 2 + 4*k + 0*k. Calculate o(3).
9
Let v(n) = 2*n**2 + 2*n**2 + 4 - 59*n - 5*n**2 + 52*n. Determine v(-4).
16
Let c(w) be the first derivative of 3*w**2/2 - 22*w + 17. Let l be c(6). Let b(q) be the first derivative of -2*q**3/3 - 2*q**2 + 5*q - 1. Determine b(l).
-11
Let a(j) = j - 539 - 2*j + 540. What is a(5)?
-4
Let q(l) = -29*l**2 + 1. Let z be (4 - (-39)/(-6))*(-8)/5. Let n(s) = 9*s - 37. Let g be n(z). Determine q(g).
-28
Let n(g) = g**3 + 5*g**2 - 7*g. Suppose -4*a - 3*v + 52 = 0, 0 = 2*a - 5*a - 5*v + 28. Let u be (4/(-10))/(a/240). Calculate n(u).
6
Let p(q) = q**2 + 7*q - 3. Let u be ((-8)/(-14))/(13/(-182)). Give p(u).
5
Let p(g) = -g**3 - 6*g**2 + 17*g + 11. Let i be p(-8). Let u(y) = -y**3 + 5*y**2 - 2*y - 6. Determine u(i).
6
Let d(y) = -8*y**2 + 4*y + 3. Let f(t) = 7*t**2 - 3*t - 3. Let r(j) = 6*d(j) + 7*f(j). Let s be r(-3). Let z(c) = 7*c - 9*c - 3 + 0*c + c. Calculate z(s).
0
Let i(a) = -37*a**2 - 34*a + 15. Let k(y) = -13*y**2 - 11*y + 6. Let v(u) = 6*i(u) - 17*k(u). Determine v(-17).
-12
Let c(h) = -h**2 - 6*h - 7. Let j(d) = 16*d**2 - 3*d + 2. Let l be j(2). Let m be l/(-6) + (2*1 - -1). Calculate c(m).
-14
Let o be (3/(-4))/(5/(-20)). Let q(m) = 1 + 3*m + 4*m + 0 - o - m**2. Let k be q(7). Let d(x) = 3*x**2 + 2*x. Calculate d(k).
8
Let r(f) = -4*f - 63. Let i(m) = 2*m + 32. Let l(v) = -11*i(v) - 6*r(v). Let z be l(-11). Let j = 2 - z. Let t(q) = q**3 + q**2 - q + 2. Determine t(j).
0
Let t(w) = 2*w. Let c(s) = s - 2. Let g(a) = -c(a) - t(a). Let j(r) = -r**3 + 2*r**2 + 5*r - 3. Let l be j(3). Suppose -l*n = -n + 6. Determine g(n).
11
Let v(h) be the first derivative of h**3/3 + 5*h**2/2 - 11*h + 133. Calculate v(-8).
13
Let p be 0/1 + -1 + 6. Let h be (-4)/(3 - p) - 5. Let m(o) = 3*o - 8 + 3*o**2 + 0*o + o**3 + 7. What is m(h)?
-10
Let s(h) = h**2 - 3*h + 4. Let o be s(4). Suppose -7*v - 4 = -o*v. Suppose -2*m + 3 = -3*m, -11 = v*x + m. Let q(j) = -j**2 - 2. Calculate q(x).
-6
Let w(j) = -j**2 - 7*j + 3. Let m(g) = g**2 + 6*g - 3. Let r be (1 - 3)/(1/2). Let n(i) = r*m(i) - 3*w(i). Let q = -14 + 9. Give n(q).
-7
Let h(m) = 6*m**2 + 0*m**2 + 3*m - 1 - 3*m - m. Let i(p) = -17*p**2 + 3*p + 4. Let q(c) = -7*h(c) - 2*i(c). Give q(1).
-8
Suppose -3*o - v + 12 = -9, 0 = 3*v + 9. Let h(c) be the first derivative of 3*c + o - 1/2*c**2. Calculate h(-5).
8
Suppose 4*i - 7*i + 21 = 0. Let r be (-1 - -2)*2 - i. Let o(z) = -38*z + 17. Let w(a) = -15*a + 7. Let f(y) = -2*o(y) + 5*w(y). Calculate f(r).
-4
Let f(l) = 326130*l**2 - 6*l - 3*l - 326129*l**2 + 4 + 3*l. What is f(6)?
4
Let a(z) = -z**2 - 3. Let m be (-14)/245*-7 - (-12)/(-5). Let c be 3/(-6) - m/4. Give a(c).
-3
Let r(q) be the third derivative of q**5/60 - 17*q**4/24 + 5*q**3/2 - 44*q**2. Determine r(16).
-1
Suppose -i + 17 = -3*i + a, -13 = 4*i + 5*a. Let c = 10 + i. Let v be 0*c/(-6)*1. Let o(g) = g - 11. Determine o(v).
-11
Let b(a) = -2*a + 3*a**2 + 0 - 5 + a**3 + 0*a**2. Let w = -64 + 60. Let t(q) = -q**3 - 5*q**2 - 4*q - 4. Let x be t(w). What is b(x)?
-13
Let n(o) = o**2 + 6*o + 3. Let x(q) = q + 2. Let j(m) = n(m) - 2*x(m). Let y(p) = -p**3 - 5*p**2. Let f be y(-5). Let t be f + -4 + 1/1. Give j(t).
-4
Suppose -2*o = -4*o + 32. Suppose -4*z - o = -8. Let m(h) = h**2 - 3*h - 3. Calculate m(z).
7
Suppose 5 = 4*g - 7. Let u(s) = 11 + 4*s - 4*s**2 - 4 + g*s**2. Give u(6).
-5
Let o(l) be the third derivative of l**6/24 - l**5/30 + l**4/12 - l**3/6 + 4*l**2 + 47. Let c = -1 + 1. Suppose p - 1 + 0 = c. What is o(p)?
4
Let r = -1 - -3. Let t(x) = -r*x - 3*x**2 + 9*x**2 - x**2 - 11*x**2. Calculate t(-2).
-20
Let g(d) = d**3 + 2*d**2 + 2. Let a(l) = 3 - 10*l**3 - l + 6*l**3 + l**2 + 3*l**3. Let n be a(2). Determine g(n).
-7
Let a be (-8)/6 - (-110)/15. Let w = a + -2. Let k(s) = w*s - 5*s + 0*s - 1. Calculate k(6).
-7
Let o(s) = 4*s + 3. Let v(i) = 9*i + 6. Let f(d) = d - 1. Let u be f(-1). Let y(t) = u*v(t) + 5*o(t). Let k be -1 + (-5)/10*2. What is y(k)?
-1
Let f be ((-40)/(-18) - 2) + 20/(-9). Let l(p) = 3*p. Suppose 3*a = 2*a + 5. Let n(s) = -s. Let y(o) = a*n(o) + 2*l(o). Determine y(f).
-2
Let q = 806 + -819. Let a(w) = -w**2 - 10*w - 1. What is a(q)?
-40
Let r be ((-324)/15 + 21)/((-2)/(-20)). Let m(v) = 4*v - 7. Give m(r).
-31
Let j(d) = 14*d + 204 - 205 - 12*d - 2*d**3. Determine j(-3).
47
Let j(b) be the first derivative of -b - 3/2*b**2 + 1/3*b**3 + 14. Give j(-2).
9
Let k(u) = 88*u - 34*u - 26*u - 29 - 30*u. Calculate k(-15).
1
Let l be 116/12 - 2/(-6). Suppose 4*w + l = 5*t, 3*t + 11*w = 6*w + 43. Let o(r) = -t + 8 - 5 + 1 - r. Give o(6).
-8
Let l = 11 - 3. Let b(y) = y - 1. Let r(k) = 5*k - 12. Let j(s) = 4*b(s) - r(s). Let w be j(l). Let i(a) = a**2 - a - 8. Give i(w).
-8
Let r(h) = -2*h + 37. Let c be r(14). Let p(g) = g - 7 + 18 - c - 11. What is p(6)?
-3
Let h(o) = -14*o**3 + 26*o**2 + 3*o - 16. Let y(p) = -5*p**3 + 9*p**2 + p - 6. Let r(g) = -4*h(g) + 11*y(g). Suppose 0 = 5*n - 6 - 14. Give r(n).
-22
Let a(s) = -s**2 - 6*s - 1. Let z(q) = 4*q**2 + 31*q - 17. Let u(v) = 3*a(v) + z(v). Determine u(-14).
-6
Let h(o) = -o**2 - 6*o + 8. Let g = -5 - -14. Let q be ((-4)/(-6))/(3/g). Suppose 0 = -q*u - 3*n + n - 4, n = u + 12. Calculate h(u).
1
Let b = -16 + 20. Let u be 90/25 - b/(-10). Suppose -u*n = -3*n. Let j(l) = -l**3 + l**2 - l + 1. Determine j(n).
1
Let k(r) = 2*